 Determine l(a).
-8
Let x(f) be the second derivative of -19*f**3/6 + 185*f**2/2 - 3010*f. What is x(10)?
-5
Let p(v) = -21 - 4*v - v**3 + v**2 + 23*v - 1 - 10*v + 4*v**2. Determine p(5).
23
Let h(a) = 7*a - 4. Let d(k) = -4*k**3 - 2*k**2 - k - 3. Let j be d(4). Let x = -299 - j. Calculate h(x).
-32
Let r(h) = -14*h - 12*h + 3*h**2 + 3*h - 8730 + 8746. Determine r(7).
2
Let h(x) = -9 - 310759*x - 16 + x**2 + 310754*x. Calculate h(7).
-11
Let w(z) = -3*z**2 + 10*z + 11. Let n(k) = 7*k**2 - 18*k - 24. Let v(u) = 2*n(u) + 5*w(u). Calculate v(13).
20
Let b be (-13)/((-260)/(-8))*-10. Suppose -u = p + b, 227 = -5*u - 3*p + 205. Let y(l) be the first derivative of l**2/2 + 11*l - 1. Determine y(u).
6
Let i(v) = -v**3 - 10*v**2 - 12*v - 24. Let w be i(-9). Let h(c) = -6*c + 70*c**w - 11*c**2 - 7*c + 65*c**3 + 69*c**3 - 205*c**3. Determine h(-10).
30
Let g(r) = r**2 - 6*r + 19. Let v be g(9). Let h = v - 42. Let q be -4*(-2)/h*(0 - -2). Let o(a) = -a**3 + 3*a**2 + 3*a + 3. Determine o(q).
-1
Let u(h) be the first derivative of -h**3 + 6*h - 2. Let a be u(-2). Let c(r) = -17*r + 14. Let w(o) = 5*o - 4. Let i(t) = -4*c(t) - 14*w(t). Determine i(a).
12
Let d = 6 - 4. Let s(a) = -a**2 + 5*a + 16. Let y be s(7). Let f(u) = u**3 - 3*u**y - 3*u**2 + 0*u**2 - 3*u + 1 + 3*u**2. Determine f(d).
-9
Let g(o) = 16*o**2 - 91*o + 421. Let v(d) = 5*d**2 - 31*d + 138. Let p(z) = -4*g(z) + 13*v(z). Calculate p(36).
2
Suppose 13*u = 2*u + 22. Let b(p) = 4*p**3 + 8*p + 4*p**u - 2*p - 17*p**3 + 12*p**3. Give b(5).
5
Let s(k) = -k**3 - 6*k**2 - 5*k - 4. Suppose 0*o + 2*y = -4*o + 238, -2*o - 3*y = -121. Suppose -6 - o = 13*z. Give s(z).
-4
Suppose 0 = 5*g + 10, -3*g - g = -w + 33. Suppose w + 11 = 3*m. Suppose m = 5*z - 13. Let y(b) = -2*b + 4. Calculate y(z).
-6
Let p(r) = 6*r**2 - r + 8. Let y(v) = -12*v**2 + v - 3. Let d(z) = 13*z**2 - z + 2. Let l(i) = 5*d(i) + 6*y(i). Let b(w) = 5*l(w) + 6*p(w). Give b(0).
8
Let b = 10283 - 10290. Suppose 0 = -4*a + 6 + 6. Let k(v) = -v**2 + 2*v**3 + 2*v - a*v**3 - 6*v**2 + 6. Give k(b).
-8
Suppose 70*d - 14 = 199 + 67. Let s(k) = -70*k + 284. Give s(d).
4
Let i(j) be the first derivative of j**3/3 + 3*j**2/2 + 9*j - 1833. What is i(-3)?
9
Let n(d) be the third derivative of 3*d**5/20 - 43*d**4/24 - 13*d**3/6 + 13516*d**2. What is n(5)?
-3
Let a(u) = -2 + 0 + 6 - 9*u + 7 + 634593*u**2 - u**3 - 634585*u**2. Determine a(7).
-3
Suppose 0 = -12*o + 15*o + 9. Let w = -65 - -67. Let x(a) = 1 + w*a**3 - 61*a**2 - 8*a + 4*a + 64*a**2. Determine x(o).
-14
Let r(y) be the second derivative of -3*y + 1/2*y**2 + 0 - 2/3*y**3. Suppose 0 = 12*o + 72, -o - 18 = 3*j - 6. What is r(j)?
9
Let k(l) = 2*l**2 + 22*l - 42. Let u(f) = -f**2 - 10*f + 19. Let o(g) = 4*k(g) + 9*u(g). Give o(-3).
0
Let f(a) = -15*a - 18. Let x(o) = -87 - 83 - o - 90 + 258. Let m(k) = -f(k) + 9*x(k). What is m(-5)?
-30
Let l be ((-5)/3)/(1615/(-7752)). Let r(h) = -h**2 - 9*h + 130. What is r(l)?
-6
Suppose -2*f = 0, -36*m - 5*f = -35*m - 5. Suppose 5*v - 40 = 5*k, m*k - 5*v = 6*k - 10. Let c(s) = 1 + s + 0 + 4. Give c(k).
0
Let b(y) = -y**2 - 2*y**2 - 2 - 7077*y - y**3 + 7080*y + 0*y**3. What is b(2)?
-16
Let o(r) = 18*r. Let u = 327 - 332. Let s be 6 + u*(7 + (-4 - 2)). Give o(s).
18
Suppose -2*g - 28 = 2*g + 3*r, 0 = -4*g + 4*r. Let h be -1 + g/(-2) + 0. Let d(q) = 611 + 4*q**3 + q - 1098 + 486. What is d(h)?
4
Suppose 0 = 5*b - 5*p - 43 - 12, -3*b = 3*p - 9. Let i(h) = h**3 - 7*h**2 + 8 - h + h**3 - h**3. What is i(b)?
1
Let d(l) = 4*l + 123. Let k be (-700)/21 - 4/(-12). Let h be d(k). Let s(g) = g**2 + 9*g. Determine s(h).
0
Let q(u) = 2*u**2 + 2*u - 3. Let j(m) = -3*m**2 - 4*m + 6. Let o(b) = -3*j(b) - 7*q(b). Let f = 8912 + -8910. What is o(f)?
-21
Let t(x) = x**3 - 10*x**2 - 13*x + 18. Let q be ((8/(-6))/(4/22))/(10/(-15)). What is t(q)?
-4
Let j(s) = 8*s + 5. Let p(k) = 11*k. Let x(i) = -j(i) + 3*p(i). Determine x(4).
95
Suppose -6*z = -9*z + 5*f + 94, 4*z - 5*f - 117 = 0. Suppose 5*r = -25, 73*t + 5*r + z = 71*t. Let p(d) = 5*d**3 + d**2 + d - 1. Give p(t).
6
Suppose h = -0*h - 5*s - 3, 81 = 5*h + s. Let t(i) = -h*i + 2*i - 12*i - 3*i. What is t(1)?
-30
Let g = 792 - 771. Suppose 9*n + g*n - 180 = 0. Let t(z) = z**3 - 5*z**2 - 7*z + 10. Calculate t(n).
4
Let m = -10057 + 10059. Let b(h) = h**3 + 2*h**2 + 2*h - 1. Give b(m).
19
Let i(s) = s**3 - 3*s**2 - s - 45. Let f = -25705 - -25710. Calculate i(f).
0
Let m(a) = -10*a - 360*a**2 + 7*a**3 + 4 + 355*a**2 - 6*a**3. What is m(7)?
32
Let a(n) = -15*n + 7 + 21 + 46 - 31. Calculate a(2).
13
Let l(a) = 31*a - 43. Let v(m) = 15*m - 24. Let t(r) = 3*l(r) - 5*v(r). Let d(i) = -2*i - 2. Let g(c) = -4*d(c) + t(c). Calculate g(-1).
-27
Let p(x) = -67*x + 38. Let h(z) = -31*z + 18. Let o(j) = 13*h(j) - 6*p(j). Suppose 2*c + 6 = -4. Give o(c).
11
Let y(i) = -i**2 - 9*i. Let u be 0/2 + 0 + 2. Suppose 2*z = 3*z + u. Let p be 14/(-21)*(z + 14). Calculate y(p).
8
Let b(k) = 116 + 117 + 110 + 32*k - 338. Calculate b(-2).
-59
Let q(k) = -84*k + 368. Let a(g) = 17*g - 70. Let j(h) = -16*a(h) - 3*q(h). Give j(6).
-104
Let r(l) = 14*l + 495. Let j be r(-34). Let t(v) = -10*v + 183. Give t(j).
-7
Let d(j) = 2*j - 7. Let f(b) = 5*b - 22. Suppose 24 = 8*y - 16*y. Let i(v) = y*f(v) + 8*d(v). What is i(-7)?
3
Let g(u) = 10*u + 319. Let i(d) = d + 53. Let x(c) = g(c) - 6*i(c). Suppose -3*f + 4*q = -q + 17, -3*f + 2*q - 5 = 0. Calculate x(f).
5
Let x(n) be the third derivative of -2/3*n**3 + 0 - 2*n**2 + 1/12*n**4 + 0*n. Let f be (-9)/(-15) + 23/(-5). Give x(f).
-12
Let y(a) = -6*a**2 - 17*a - 16. Suppose 30 + 19 = -62*d - 13. Calculate y(d).
-5
Let k(r) = r**3 + 2*r**2. Let f be (-1 - -1) + (-9 - -23). Let y be f + -17 - (0 + 0). Let a = -5 - y. Determine k(a).
0
Let p(h) = 4*h**2 + 2*h**2 + 9 - 8. Suppose -6*r + 70 = -2. Suppose 5*d + 23 = -v, v - 10 - r = 4*d. Calculate p(v).
25
Let h be (-3)/9*3*103. Let d = 180 + h. Let i(b) = d*b - 83*b + 2*b**2 - 3*b**2. Give i(-3).
9
Let k(f) = f - 4. Let w = 167 - 97. Suppose 0 = 7*i + 3*i - w. Calculate k(i).
3
Suppose -10*p - 12 = -14*p. Let t(q) = -8 + 7*q**2 + 3*q**3 + 5*q - 13*q**2 + 0*q**p - 4*q**3. Let u be 3 - (3 - 0 - -7). What is t(u)?
6
Suppose -6*n + 4 = 10. Let k(f) be the second derivative of 0 - 1/2*f**2 - 5/6*f**3 + 9*f. Calculate k(n).
4
Let y(z) be the first derivative of z**2/2 + 18*z - 6685. Suppose -5 = -s, -2*i - 6*s = -2*s + 6. Calculate y(i).
5
Let g(p) = -24*p + 124. Let a(q) = q**3 + 45*q**2 - 82*q - 1651. Let w be a(-46). Calculate g(w).
4
Let d(i) be the third derivative of i**6/3 + i**5/60 - i**3/6 - 276*i**2. Determine d(1).
40
Let d(u) = 3*u**2 - 4*u - 10. Let l be d(3). Suppose -l*q + q = o - 56, -2*q + 48 = o. Let n(z) = o*z + 40*z + 3 - 76*z. Determine n(3).
15
Let d(c) = 84*c + c**2 - 18*c - 19*c - 12 - 23*c - 20*c + 11. Let u(m) = -1 + 0 - 2*m + 0. Let w be u(2). Give d(w).
4
Let c(i) be the first derivative of 49*i**2/2 + 448*i - 1561. Determine c(-9).
7
Let g = 4 - 6. Let c = g - -7. Let a(m) be the first derivative of m**3/3 - 2*m**2 - 4*m + 34. What is a(c)?
1
Let k(m) = m**3 - 49*m**2 + 51*m - 139. Let o(c) = -c**2 + 73*c + 48. Let f be o(0). Give k(f).
5
Suppose 0 = 4*p + t - 274, 0*t - 270 = -4*p - 3*t. Let o be (184/p)/((-2)/9). Let q(f) = f**2 + 13*f + 9. Give q(o).
-3
Let q(d) = d**2 + 2*d - 3. Suppose -3*a - 12 = l, -2*l + 3*l = 3*a - 6. Let c be (-15)/6 + l/18. What is q(c)?
0
Let z(i) = i**2 - 7*i - 14. Let o(d) = 2*d**3 - 29*d**2 - 19*d + 66. Let p be o(15). Determine z(p).
-20
Let t(s) = 6*s. Let n(l) = -8*l + 17. Let u = 114 - 113. Let j(d) = u*n(d) + t(d). Give j(6).
5
Let p(x) = 65*x**2 + 3*x + 5. Let c(o) = 1. Let n(r) = 2*c(r) - p(r). Determine n(-1).
-65
Let s(d) = -d**2 + 14*d - 47. Let q be s(8). Let f(r) = -6 + 5 + 0 + 9*r + 2. Calculate f(q).
10
Let q(b) = 28*b**2 - 29*b + 42*b**2 + 0 - 25*b + 51*b + 3. Give q(1).
70
Let g = 4937 - 4924. Let n(b) = -5*b + 53. What is n(g)?
-12
Let o(j) = -25*j - 4. Let d = -22 + 15. Let w(m) = -8*m - 1. Let r(u) = d*w(u) + 2*o(u). Suppose -b = 5, 0*v - 2*b - 19 = 3*v. What is r(v)?
-19
Let q(n) be the third derivative of n**4/24 + 117*n**2. Let l(j) = 7*j + 1. Let k(z) = -l(z) - 2*q(z). Give k(2).
-19
Let a(i) = 9*i**2 + 19*i + 146. Let u(f) = 16*f**2 + 37*f + 290. Let d(c) = -9*a(c) + 5*u(c). Calculate d(-7